 of h/30 - 1*537/(-5).
2, 3
Suppose o = 3*f + 13 - 1, 3*f + 24 = 2*o. Suppose q - 20 = o. What are the prime factors of q?
2
Let s be 4/(-6)*(-9)/(-2). Let g be (-3 - -6) + -2 - s. Suppose g*m - 4*x - 24 = 0, m + 4*m = x + 38. What are the prime factors of m?
2
Suppose -6*s + 23 + 1 = 0. Suppose 2*i = -3*u - i + 462, 20 = s*i. What are the prime factors of u?
149
Suppose -24128 = 22*z - 48*z. What are the prime factors of z?
2, 29
Suppose 4*c = -u + 624, c + 2*u - 23 = 140. Suppose -3*q + 37 + c = 0. Let k = 101 - q. What are the prime factors of k?
37
Suppose -6*x + 2*x - 396 = 0. Let s = x - -176. What are the prime factors of s?
7, 11
Suppose 0 = v + 5*w - 5, -v - w = -6*v - 1. Suppose -3*r = -v*r. Suppose -25 = -5*n, -5*y + n = -r*y - 75. What are the prime factors of y?
2
Suppose 6*c - 3*c + 5*q = 18, 0 = c + 3*q - 10. Suppose -m + 5*h + 26 = 0, 3*m + c - 9 = h. List the prime factors of m/((-1)/(-62)*2).
31
Suppose 19*r + 1740 = 21*r. List the prime factors of r.
2, 3, 5, 29
Suppose -5*b - 216 = -5*m + 124, 5*m - 325 = 2*b. What are the prime factors of m?
3, 7
Suppose 4*w + 2*l - 1 = 11, 3*l + 18 = 3*w. Let m(k) = k**3 + k**2 + 6*k - 4. List the prime factors of m(w).
2, 5
Suppose 0 = 330*f - 321*f - 4590. List the prime factors of f.
2, 3, 5, 17
Let h = 2 + -2. Let z = h - 0. Suppose z = 4*a + 2*y - 40, -a = -y - 4 - 12. What are the prime factors of a?
2, 3
Let n(w) = -4*w + 5. Suppose 0 = 2*k - 0*k - 4. Let c be -9 - (0 + k + -5). List the prime factors of n(c).
29
Let t(d) be the first derivative of 29*d**3/3 + 3*d - 1. List the prime factors of t(-2).
7, 17
Suppose 6*n - 480 = 5*n. Let l = -676 + n. List the prime factors of l/(-3) + (-2)/6.
5, 13
Let s(x) = x**2 - x - 7. Suppose 3*f - 47 = -5*l, 5*l = 3*l - 4*f + 30. Let m be s(l). Suppose -5*u + 20 + m = 0. List the prime factors of u.
11
Let k be ((-15)/(-4))/((-8)/128). List the prime factors of (2 + (-34)/5)/(3/k).
2, 3
Let f = 901 - -462. What are the prime factors of f?
29, 47
Let a = 13 + 2. Let p be 110/4*12/a. What are the prime factors of (-4)/p + 1064/44?
2, 3
Let t = -3 - -5. Suppose 4*x - 23 = -5*g, -5*g + 13 = t*x - 6. Suppose -4*u = -x*d - u + 52, -2*u = -3*d + 68. List the prime factors of d.
2, 5
Let v be -3 + 3*(-3)/(-9). Let f be (-3 + 3 - v)*2. Suppose f*d = d + 132. List the prime factors of d.
2, 11
Let m(x) be the second derivative of 4*x**5/5 + x**3/6 - x**2/2 + 4*x. Suppose 2*g = -5*t + 9, t - 3 = -3*g + 4. List the prime factors of m(t).
2
Let g = -526 - -967. What are the prime factors of g?
3, 7
Let n be 61/(-3) - (-14)/189*-9. Let k = 44 - n. What are the prime factors of k?
5, 13
Let w = -181 + 267. What are the prime factors of w?
2, 43
Suppose 568 + 195 = 7*l. List the prime factors of l.
109
Suppose 0 = -2*j - 2*t + 1998, -j = -5*t - 536 - 493. List the prime factors of j.
2, 251
Let w = 4 + -6. Let u be 14/(-35) + 324/10. What are the prime factors of (u/(-24))/(w/3)?
2
Let v = 94 - -3429. What are the prime factors of v?
13, 271
Suppose 89*w = 91*w - 2272. What are the prime factors of w?
2, 71
Let c(b) = 34*b**2 + 5*b - 37. List the prime factors of c(-6).
13, 89
Let q(j) = j**3 - 6*j**2 + 5*j. Let h be q(5). Suppose -54 = -h*z - 3*z. Suppose g + z = 4*g. What are the prime factors of g?
2, 3
Let o(v) = 5*v**2 + 2*v + 2. Suppose k - 6 = 3*k. What are the prime factors of o(k)?
41
Suppose 0 = 4*i + 65 - 213. Let m = -1 + i. Suppose 64 + m = 4*p. What are the prime factors of p?
5
List the prime factors of ((-35)/28)/1 + (-40527)/(-12).
2, 211
Let p be (-2)/(-12)*-8 - (-1)/3. List the prime factors of p/(-2) - 609/(-6).
2, 3, 17
Suppose -4*r = -12 - 20. Let h be 0 - 5/((-20)/r). Suppose -h*c - 34 = -4*c. List the prime factors of c.
17
Let n be 28/42 + -2 + (-8)/(-6). Let h(w) = -w**3 + 7*w**2 - 6*w. Let z be h(6). Suppose n = -2*f - z*f + 44. List the prime factors of f.
2, 11
Suppose 750 = -27*i + 29*i. What are the prime factors of i?
3, 5
Let v(k) = 11*k**2 - 2*k + 47. List the prime factors of v(14).
3, 5, 29
Suppose 3 = -5*i + 23. Let y be (-4)/i - -3 - -2. List the prime factors of (y + -5)/(2/(-34)).
17
Suppose 0 = 5*h + 95 - 305. Let f be (-1)/5 + h/10. List the prime factors of 133/14 + 2/f.
2, 5
Let o be -47*(-6)/(-26) + (-6)/39. Let q(p) = p**3 + 10*p**2 - 13*p - 2. List the prime factors of q(o).
2, 5
Suppose -3069 = -14*x - 717. Suppose 0*s = l + s - 32, -4*l + 4*s + x = 0. List the prime factors of l.
37
Let o(s) = -s - 5. Let q be o(-6). Let a be (q/(-1))/(1/(-1)). What are the prime factors of ((-3)/(-6))/(a/106)?
53
Suppose -5*c = 4*v - 512, -4*c + 132 = -4*v - 292. What are the prime factors of c?
2, 13
Let f(x) = -8*x**3 - 2*x**2 - 2*x - 2. Let u = -26 + 24. Let p be f(u). Suppose -2*y + 8 = -p. What are the prime factors of y?
3, 11
Suppose -2*v + 4*k = -2400, -5*v + 0*k + 3*k = -6007. List the prime factors of v.
2, 601
List the prime factors of 14/28*2*229.
229
Suppose 3*y - 6 = -f - 1, -y = 4*f - 53. Let l = f - -31. List the prime factors of l.
3, 5
Suppose 2*f + 11 = -5*t, 0 = -3*f + 2*t + 3*t + 21. Let r(k) = 2*k**3 - 2*k**2 + 2*k - 2. Let q be r(f). Let x = 21 - q. List the prime factors of x.
11
Suppose -1484 = -5*z + 2*i + 1226, 4*z + i - 2155 = 0. What are the prime factors of z?
2, 3, 5
Let p(w) be the first derivative of -w**3/3 + 13*w**2/2 + 4*w + 22. Let s(c) = c**3 + 6*c**2 + 7*c + 5. Let h be s(-4). What are the prime factors of p(h)?
2, 5
Let w = 1677 - 1183. Suppose -w - 815 = -17*l. What are the prime factors of l?
7, 11
Let u = 39 + -35. Suppose -2*g + 9 + 9 = 4*w, 0 = -5*w - 15. Suppose -q + g = -u*q, -3*d - q + 91 = 0. List the prime factors of d.
2
Suppose j = 57 + 127. What are the prime factors of j?
2, 23
Suppose 3*q - 1519 = n - 5*n, 0 = -3*q - n + 1507. What are the prime factors of q?
3, 167
Let a = -84 - -1916. What are the prime factors of a?
2, 229
Let g(u) = -u**2 - 11*u - 4. Let x be g(-9). Let c = x + -10. List the prime factors of 73/c + 1/(-4).
2, 3
Suppose -14*c + 15*c = 5. Suppose -5*n = -c - 5. What are the prime factors of n?
2
Let w(f) be the first derivative of -f**4/2 - 34*f**3/3 - 15*f**2/2 + 12*f + 39. What are the prime factors of w(-17)?
3, 89
Suppose -10 - 15 = -2*y - 3*s, -3*s + 40 = 5*y. What are the prime factors of 3 - y/2 - 866/(-4)?
7, 31
List the prime factors of ((-23)/23)/(2/(-454)) - 1.
2, 113
Suppose -76890 = 5*d - 20*d. What are the prime factors of d?
2, 11, 233
Let m(j) be the third derivative of j**4/8 + 11*j**3/6 - j**2. Suppose -14*i + 19 = -65. What are the prime factors of m(i)?
29
Suppose -r + 67 = 2*l - 2*r, 0 = -2*l + 3*r + 73. Let w = l - -7. List the prime factors of w.
3, 13
Suppose 4*x - 12 = x. Suppose -s = 2*l + 1, -48 = -x*s + 4*l - 16. Let f(t) = -t**3 + 6*t**2 + 4*t - 7. List the prime factors of f(s).
2, 19
Let l(x) = x**3 - 3*x**2 + x - 16. Let w be l(4). List the prime factors of 1 + 4 + w + 1.
2, 5
Suppose 5*p - 3 - 2 = 0. Let w be -16*(2 - (2 - p)). Let h = -5 - w. List the prime factors of h.
11
Suppose -22*p = 1878 - 18730. List the prime factors of p.
2, 383
Let z(l) = -l**2 + 4*l + 7. Let q be z(4). Suppose -q*m = -8*m + 256. What are the prime factors of m?
2
Let q = -13 - 3. Let s be 8/q*(1 - 255). Suppose 0 = 2*v + 2*y - 110, s = 2*v - 3*y - 3. List the prime factors of v.
59
Suppose -714 = -2*i - 2*x, 0 = -10*i + 9*i - 2*x + 352. List the prime factors of i.
2, 181
Let v(k) = 2522*k + 2 - 2544*k + 1. Let d be 1 + (-2)/((-6)/(-9)). What are the prime factors of v(d)?
47
Suppose 3*n + 3*a = 303, -a = -2*a + 3. Suppose 0 = -2*f + n + 38. List the prime factors of f.
2, 17
Suppose -15*u + 4570 + 4115 = 0. List the prime factors of u.
3, 193
Suppose 5*x = 4*x + 4. Let u(g) = -g + 2. Let r be u(2). Let i = r + x. What are the prime factors of i?
2
Suppose 5 = 3*h - 1. Suppose 147 = h*u - 5*u. Let f = -28 - u. List the prime factors of f.
3, 7
Let j(s) = -s**3 - 28*s**2 - 25*s + 52. Let u be j(-27). What are the prime factors of ((-16)/(-20))/(u/(-25))?
2, 5
Let k(d) = 2*d**2 - 20*d - 92. List the prime factors of k(19).
2, 5
Suppose -3*a + 843 = -d + 2*d, -2521 = -3*d - a. List the prime factors of d.
2, 3, 5, 7
Let g = 248 - 137. Suppose 5*s + g + 64 = 0. Let o = 63 + s. What are the prime factors of o?
2, 7
Suppose 2171 = 5*m - 2*i, -